7
Let n(k) be the second derivative of k**4/12 + k**3/3 - k**2/2 - k - 28. Suppose 5 = q + 7. Determine n(q).
-1
Let f(w) = 2*w - 10. Let b(k) = -6*k + 29. Let g(h) = 4*b(h) + 11*f(h). Suppose -18 = -z + 1. Suppose 23*v = z*v + 16. Calculate g(v).
-2
Let k be 4/6 + (-24)/9. Let f(w) = 12*w + 9*w + 8 - 10 - 3*w - 17*w. Determine f(k).
-4
Suppose 3*s - 2 = 7. Let l be 0/(2 + (-3)/3). Suppose l = 3*c + u - 2*u, 2*c + s*u = -11. Let b(w) = 3*w + 1. Calculate b(c).
-2
Let i = 1996 + -1997. Let p(y) = 13*y + 2. Let q(r) = 6*r + 1. Let s = 8 - 3. Let h(t) = s*q(t) - 3*p(t). Calculate h(i).
8
Let u(h) = -h**2 - 5*h - 1. Let n be 6/(-6) - (35 - 0). Let y = n + 30. What is u(y)?
-7
Let t(m) be the second derivative of -m**4/6 - 11*m**3/6 + 2*m**2 - 14*m - 2. Determine t(-8).
-36
Let f(w) = -w - 2. Let z(s) = s**3 - 4*s**2 + 4*s + 4. Let j be z(4). Suppose a + 7 + 9 = 3*g, 5*g - j = -5*a. Determine f(a).
-1
Let l(h) be the second derivative of 18*h + 0 + 2/3*h**3 - 1/12*h**4 - 1/2*h**2. Let o(s) = -2*s - 1. Let w be o(-2). Give l(w).
2
Let b(j) = -j**3 - j**2 + 16*j - 14. Let w be b(1). Let a(m) = m**3 + m - 12. Give a(w).
-12
Let c(r) = -5*r + 7. Let y(g) = 5*g + 3 - 11*g + 4*g. Let q(t) = 6*c(t) - 14*y(t). What is q(3)?
-6
Let y(b) be the second derivative of -b**4/12 - 4*b**3/3 - 3*b**2/2 + 2*b - 39. Determine y(-8).
-3
Let r be 0/(-3*6/(-9)). Let x(h) be the first derivative of -h**3/3 - 6*h + 28. Give x(r).
-6
Let q(b) = b**2 - b - 5. Suppose -7 - 1 = -2*u. Let y(h) = h. Let j(z) = u*y(z) + q(z). Calculate j(-4).
-1
Let k(v) = -4*v**3 + v**2 + 2*v + 1. Suppose 13*c - 10*c = -15. Let w(g) = g**2 + 2*g - 16. Let i be w(c). Determine k(i).
4
Let q(n) = 2*n**2 - 1. Suppose -m + 4 + 3 = 4*c, 3*m - 12 = -3*c. Calculate q(c).
1
Let j(d) = -3*d**2 + 2*d - 2. Let b(r) = r. Suppose 5 = 2*u - 5. Let v(m) = u*b(m) - j(m). Let t be ((-14)/35)/(1/5). What is v(t)?
8
Let l(v) = 4*v**2 + 13*v + 12. Let s(o) = o**2 + 1. Let b(h) = -l(h) + 5*s(h). Let x be (-9)/(-27)*12 - -9. Calculate b(x).
-7
Let s(u) = 3*u + 1. Suppose -4*f - 28 = -l, 2*l = 7*l - f - 45. Let p be (-69)/(-12) - (-2)/l. Suppose -p*a = -a - 5. What is s(a)?
4
Let z(p) = p**3 + 2*p**2 + p. Let g = -6 - -10. Suppose -18 = -3*t - 12. Suppose h + l + t*l = g, 4*h + 4*l = 0. Give z(h).
-2
Let l(o) = 3*o**2 + 3*o + 2. Suppose -5*x - 4*j + 11 = 0, 10 - 5 = -x + j. Give l(x).
2
Let w(v) be the third derivative of -5/24*v**4 + 0*v - 23*v**2 + 1/6*v**3 - 1/60*v**5 + 0. Let b = 7 - 12. Determine w(b).
1
Suppose -3*j = s + 1, 2*s - 4*j + 6 = 4. Let f(x) = -4*x. Let r(z) = -4*z. Let k(h) = 6*f(h) - 4*r(h). Calculate k(s).
8
Let v(n) = -n - 12. Let c(y) be the third derivative of -y**4/8 + 7*y**3/6 + 8*y**2. Let w be c(5). Calculate v(w).
-4
Let d(a) = -7*a**2 + 5*a - 1. Let s(w) = 2*w**2 + w. Let k(o) = d(o) + 4*s(o). Calculate k(-8).
-9
Let w = -9 + 14. Let m(o) = 7*o - w*o + 0*o + 3 - 4*o - 4*o**2. What is m(-3)?
-27
Let m(n) = -n - 3. Let b be (5 + -9)/(-6 + 6 + 2). Give m(b).
-1
Suppose -5 = -3*k + 4*r, 0*r = -5*k - 2*r - 9. Let w(p) = p**3 + p + 1. Give w(k).
-1
Let a(b) = 2*b**3 - 31*b**2 + 9 - 274*b - 231*b + 519*b. Give a(15).
-6
Let p(r) = r**3 - 6*r**2 - 7*r + 6. Let z = -11 + 18. Let v be p(z). Suppose -2*q - v = -3*q. Let u(h) = -h + 3. Determine u(q).
-3
Let a(x) = 8*x**3 + 2*x**2 - x. Let w(r) = -13*r**2 - 17*r + 65. Let q(h) = 3*h**2 + 4*h - 16. Let n(s) = 9*q(s) + 2*w(s). Let c be n(-5). Calculate a(c).
9
Suppose 0 = -o + 6*h - 3*h + 7, -2*o + 3*h = -5. Let r(q) = -q**2 + q + 1. What is r(o)?
-5
Let f(p) = 6*p - 3. Let q(g) = g + g + 2 - 7*g + 0. Let o(d) = -4*f(d) - 5*q(d). What is o(-5)?
-3
Let i(s) = 2*s + 1447*s**2 - 2872*s**2 - 2 - s**3 + 1431*s**2. Let f = -6 - -12. Give i(f).
10
Suppose -4 = -d + j, 8*d + 2 = 10*d - 5*j. Suppose -2*b + 1 = -13. Let g(y) = 3*y + 6. Let v(o) = 4*o + 9. Let i(f) = b*g(f) - 5*v(f). Determine i(d).
3
Let p(x) = x**3 - 3*x**2 - 6*x + 1. Let l(k) = k + 1. Let g be l(3). Suppose 3*u = 5*a - 3, -4*u + 3*a - g = -11. Suppose -r = -u - 0. Determine p(r).
-7
Suppose -52 + 12 = -8*m. Let q(x) = 1. Let w(b) be the third derivative of -b**4/24 - b**3 - 3*b**2. Let n(z) = m*q(z) + w(z). Calculate n(1).
-2
Let s(c) be the third derivative of c**4/24 + 7*c**3/6 + 2*c**2 - 20. Give s(-7).
0
Suppose -2*j - 10*j = -36. Let y(r) = -r**3 + 3*r**2 - 4*r + 2. What is y(j)?
-10
Let y(n) = n**3 + 6*n**2 + 7*n + 8. Let j = -348 + 343. What is y(j)?
-2
Let r(h) = -11*h**3 + 2*h**2 + 2*h - 2. Let x(q) = -21*q**3 + 5*q**2 + 5*q - 5. Let o(m) = -5*r(m) + 2*x(m). Let z be 4 + (0 - (-15)/(-5)). Give o(z).
13
Let d(c) be the first derivative of -c**4/4 + c**3/6 - c**2/2 + 6*c - 3. Let w(o) be the first derivative of d(o). Calculate w(2).
-11
Let g(c) = 5 + 25*c + 29*c - 55*c. Let l(i) be the second derivative of i**3/6 + i**2 - 2*i. Let w be l(4). What is g(w)?
-1
Let y(o) be the first derivative of -o**4/4 - o**3 + o**2/2 - 5*o + 29. Calculate y(-4).
7
Let l be ((-8)/14)/((-8)/28). Let m(p) = -14 + 4*p + 8 + 0*p + 9 + 3*p**l. Give m(-2).
7
Let l(x) be the first derivative of 5*x**2 - x - 41. Give l(1).
9
Let h(g) be the second derivative of -g**4/12 - 5*g**3/3 + g**2 + 698*g. Calculate h(-9).
11
Let c(o) = 5*o - 41. Let h = -1545 - -1554. Calculate c(h).
4
Suppose 4*y - 21 + 13 = 0. Let k(z) be the third derivative of 0*z - 3*z**y - 1/24*z**4 - z**3 + 0. Calculate k(-7).
1
Let s = -21 + 3. Let m = -16 - s. Let y(o) = 4*o**m - 5*o + 3*o**2 - 3 - 8*o**2. What is y(-3)?
3
Let w(f) be the first derivative of -f**6/360 - f**5/40 + f**4/24 - 8*f**3/3 - 18. Let v(t) be the third derivative of w(t). Suppose j - 9 = 4*j. What is v(j)?
1
Let b(d) = d**2 + 2*d - 6. Let h(v) = v**2 + 3*v - 7. Let r(q) = -4*b(q) + 3*h(q). Suppose -t = 3*u + 15, 0 = 3*t + 2*t - 2*u - 10. Calculate r(t).
3
Let p(v) be the first derivative of 3*v**3/2 - 3*v**2/2 - 19*v - 16. Let k(o) be the first derivative of p(o). Give k(2).
15
Let w(l) = -5*l**2 - 7*l - 1. Suppose 4*v - 5*k = -29, 0*v + 4*v = -3*k - 21. Let j(c) = -c**2 - c + 1. Let b(t) = v*j(t) + w(t). Let i = 8 + -3. Give b(i).
13
Let s(g) = g**3 - 1 + 0*g + g - 2*g. Let v(z) = -8*z + 391. Let t be v(49). Determine s(t).
-1
Let f(k) = 5 + k**3 + 0 + 2*k - 4*k**2 - 2. Let o = 871 - 867. Calculate f(o).
11
Let a be 4/46 + (-86)/989. Suppose -10 = -5*b - 0*b. Let m(p) = b*p - 4*p + p. What is m(a)?
0
Let u(v) = 7*v**2 - 6*v**2 + 15 - 5. What is u(0)?
10
Let v = 20 - 18. Let r be (-12)/v*(-3)/9. Let f(h) = -2 - 258*h - 7*h**2 + 261*h - h**3 + 2*h**r. Give f(-5).
-17
Let r(l) = -l**2 - 3*l + 4. Let u(k) = -k**2 + 37*k - 230. Let p be u(29). Calculate r(p).
-6
Let k(a) be the second derivative of -a**4/3 - a**3/2 - a**2 - 67*a - 2. Calculate k(-3).
-29
Suppose 102 = 3*i + 3*p, 3*i - i - 4*p = 62. Let a = i - 28. Let u(f) = 2*f + 0 + 2 - 9. Determine u(a).
3
Let a(n) = -23*n - 3. Let z be (-51)/(-57) - (-6 + (-560)/(-95)). What is a(z)?
-26
Let k be 3/(-15) - 279/(-45). Let v(q) = 12*q - 25*q + 14*q + k. Calculate v(-4).
2
Let b(i) be the third derivative of -i**5/60 + 5*i**4/24 - 7*i**3/6 + 3*i**2. Let o = -64 - -70. Give b(o).
-13
Let b = -233 - -229. Let d(t) = t**3 + 2*t**2 - 2. Give d(b).
-34
Let p = 226 - 232. Let i(g) = g + 11. Give i(p).
5
Let w(z) = 0 - 5 + 1 - 3*z. Suppose 2*l + 10 = 0, 2*o + 0 = -l + 1. Let i(c) = -c. Let j be i(o). Give w(j).
5
Suppose 4*u = -u - 5*y + 65, -2*y = 5*u - 53. Suppose u*g + 2 = 11*g. Let f(p) = -2*p - g + 5 - 2*p + 5*p. Give f(-5).
-1
Let a(n) = 3*n**2 - 5*n + 6. Suppose -2*y + 5*z - 2 - 13 = 0, -y + 5*z - 10 = 0. Let t(m) = 7*m**2 - 9*m + 12. Let j(l) = y*a(l) + 2*t(l). What is j(4)?
6
Let g(b) = -3*b**3 + 6*b**2 - 4*b + 29. Let x(a) = -2*a**3 + 2*a**2 - a + 15. Let l(f) = -3*g(f) + 5*x(f). Give l(-9).
6
Let j(a) = -2*a - 10. Let p(f) = 3*f + 11. Let i(c) = 4*j(c) + 3*p(c). Let z be i(18). Let x(w) = w + 3. What is x(z)?
14
Let y(g) = 5*g**2 - 9*g - 14. Let p(i) = 11*i**2 - 19*i - 31. Let b(t) = -6*p(t) + 13*y(t). What is b(-3)?
4
Let q(j) be the first derivative of 7*j + 2*j**3 - j**2 - 21 - 1/4*j**4. What is q(6)?
-5
Let w(a) = a**3 - 28*a**2 + 34*a - 175. Let y be w(27). Let l(o) = -o**3 + 14*o**2 - 4. Calculate l(y).
-4
Suppose -u - 11 = -2*u. Suppose k = -3*y - u, -4*k + y - 14 = 3*y. Let a(h) = 2*h**3 + 4*h**2 + 4*h + 2.